t is the remainder when 440177 is divided by 411?
407
What is the remainder when 1504 is divided by 318?
232
Calculate the remainder when 12865 is divided by 1303.
1138
What is the remainder when 9640 is divided by 311?
310
Calculate the remainder when 37555 is divided by 62.
45
What is the remainder when 54400 is divided by 981?
445
Calculate the remainder when 7646 is divided by 3820.
6
Calculate the remainder when 437262 is divided by 205.
202
What is the remainder when 2579 is divided by 246?
119
Calculate the remainder when 37005 is divided by 9248.
13
What is the remainder when 1102 is divided by 217?
17
What is the remainder when 1449 is divided by 490?
469
What is the remainder when 6631 is divided by 828?
7
Calculate the remainder when 595 is divided by 4.
3
Calculate the remainder when 15209 is divided by 7566.
77
Calculate the remainder when 50223 is divided by 41.
39
What is the remainder when 57659 is divided by 4428?
95
What is the remainder when 3847 is divided by 1384?
1079
What is the remainder when 59950 is divided by 2?
0
Calculate the remainder when 63 is divided by 52.
11
Calculate the remainder when 26213 is divided by 3265.
93
Calculate the remainder when 17877 is divided by 5934.
75
What is the remainder when 6883 is divided by 81?
79
What is the remainder when 145963 is divided by 295?
233
What is the remainder when 24481 is divided by 112?
65
What is the remainder when 1827 is divided by 792?
243
Calculate the remainder when 8454 is divided by 5.
4
Calculate the remainder when 355278 is divided by 39.
27
Calculate the remainder when 549510 is divided by 109896.
30
What is the remainder when 18276 is divided by 345?
336
Calculate the remainder when 107964 is divided by 37.
35
What is the remainder when 6033 is divided by 241?
8
What is the remainder when 57890 is divided by 52?
14
Calculate the remainder when 72678 is divided by 8073.
21
Calculate the remainder when 1895 is divided by 937.
21
Calculate the remainder when 54421 is divided by 311.
307
What is the remainder when 43230 is divided by 32?
30
What is the remainder when 5534 is divided by 172?
30
Calculate the remainder when 4201 is divided by 46.
15
Calculate the remainder when 27145 is divided by 2088.
1
What is the remainder when 51817 is divided by 55?
7
What is the remainder when 6539 is divided by 1517?
471
Calculate the remainder when 841670 is divided by 906.
902
Calculate the remainder when 30282 is divided by 4324.
14
What is the remainder when 658 is divided by 200?
58
Calculate the remainder when 57361 is divided by 45.
31
What is the remainder when 36073 is divided by 22?
15
Calculate the remainder when 25333 is divided by 539.
0
Calculate the remainder when 2387007 is divided by 604.
603
What is the remainder when 4077 is divided by 83?
10
What is the remainder when 845 is divided by 37?
31
What is the remainder when 3591 is divided by 42?
21
What is the remainder when 1284 is divided by 340?
264
Calculate the remainder when 28105 is divided by 15.
10
Calculate the remainder when 5351 is divided by 584.
95
What is the remainder when 5670 is divided by 5661?
9
Calculate the remainder when 2329 is divided by 2264.
65
What is the remainder when 112221 is divided by 16?
13
What is the remainder when 116831 is divided by 69?
14
Calculate the remainder when 100 is divided by 2.
0
What is the remainder when 196172 is divided by 133?
130
What is the remainder when 128920 is divided by 386?
382
Calculate the remainder when 60548 is divided by 8.
4
What is the remainder when 6571 is divided by 146?
1
Calculate the remainder when 154666 is divided by 11893.
57
What is the remainder when 6681 is divided by 1759?
1404
Calculate the remainder when 40589 is divided by 13527.
8
What is the remainder when 7762 is divided by 211?
166
What is the remainder when 1493 is divided by 302?
285
Calculate the remainder when 544 is divided by 86.
28
Calculate the remainder when 190442 is divided by 29.
28
Calculate the remainder when 21317 is divided by 323.
322
What is the remainder when 11328 is divided by 77?
9
What is the remainder when 31 is divided by 17?
14
Calculate the remainder when 43079 is divided by 314.
61
What is the remainder when 9214 is divided by 2788?
850
What is the remainder when 499 is divided by 350?
149
Calculate the remainder when 22233 is divided by 1060.
1033
Calculate the remainder when 3927 is divided by 57.
51
What is the remainder when 12071 is divided by 329?
227
Calculate the remainder when 562461 is divided by 36.
33
What is the remainder when 94379 is divided by 572?
571
What is the remainder when 16304 is divided by 8141?
22
Calculate the remainder when 215 is divided by 71.
2
Calculate the remainder when 24555 is divided by 383.
43
What is the remainder when 5437 is divided by 40?
37
What is the remainder when 185570 is divided by 19?
16
What is the remainder when 2622 is divided by 1204?
214
What is the remainder when 31851 is divided by 554?
273
What is the remainder when 29829 is divided by 5675?
1454
Calculate the remainder when 31227 is divided by 3466.
33
Calculate the remainder when 337 is divided by 52.
25
Calculate the remainder when 16396 is divided by 1093.
1
What is the remainder when 1770 is divided by 1383?
387
Calculate the remainder when 53481 is divided by 187.
186
Calculate the remainder when 14766 is divided by 542.
132
What is the remainder when 3015230 is divided by 352?
350
Calculate the remainder when 1230 is divided by 74.
46
What is the remainder when 174058 is divided by 58014?
16
What is the remainder when 2501 is divided by 274?
35
What is the remainder when 3748 is divided by 909?
112
Calculate the remainder when 32888 is divided by 12.
8
Calculate the remainder when 2259 is divided by 115.
74
Calculate the remainder when 192456 is divided by 819.
810
Calculate the remainder when 2916 is divided by 74.
30
Calculate the remainder when 106523 is divided by 276.
263
Calculate the remainder when 15521 is divided by 1293.
5
Calculate the remainder when 54166 is divided by 576.
22
What is the remainder when 39735 is divided by 2483?
7
What is the remainder when 2946 is divided by 723?
54
What is the remainder when 16828 is divided by 2101?
20
What is the remainder when 3143 is divided by 1568?
7
Calculate the remainder when 14656 is divided by 212.
28
Calculate the remainder when 29164 is divided by 359.
85
Calculate the remainder when 564027 is divided by 103.
102
Calculate the remainder when 4166 is divided by 2069.
28
What is the remainder when 7450 is divided by 257?
254
What is the remainder when 11309 is divided by 608?
365
What is the remainder when 2708 is divided by 701?
605
What is the remainder when 109139 is divided by 85?
84
What is the remainder when 5894 is divided by 1964?
2
What is the remainder when 19902 is divided by 96?
30
What is the remainder when 13940 is divided by 4642?
14
Calculate the remainder when 1306 is divided by 71.
28
Calculate the remainder when 1673 is divided by 31.
30
Calculate the remainder when 298534 is divided by 35.
19
What is the remainder when 6546 is divided by 160?
146
Calculate the remainder when 137457 is divided by 3267.
243
Calculate the remainder when 337 is divided by 327.
10
Calculate the remainder when 23458 is divided by 64.
34
Calculate the remainder when 21436 is divided by 11.
8
What is the remainder when 39367 is divided by 410?
7
What is the remainder when 2151 is divided by 14?
9
Calculate the remainder when 2797 is divided by 309.
16
Calculate the remainder when 2775 is divided by 153.
21
What is the remainder when 3568 is divided by 195?
58
What is the remainder when 5451 is divided by 1258?
419
What is the remainder when 131669 is divided by 151?
148
Calculate the remainder when 235053 is divided by 236.
233
What is the remainder when 8543 is divided by 2293?
1664
Calculate the remainder when 16973 is divided by 8421.
131
Calculate the remainder when 2351 is divided by 561.
107
Calculate the remainder when 17277 is divided by 66.
51
Calculate the remainder when 27985 is divided by 311.
306
What is the remainder when 11326 is divided by 281?
86
What is the remainder when 22725 is divided by 785?
745
Calculate the remainder when 32303 is divided